{"id":1961,"date":"2024-08-25T10:08:11","date_gmt":"2024-08-25T08:08:11","guid":{"rendered":"https:\/\/thequeenshairperruque.fr\/?post_type=product&#038;p=1961"},"modified":"2024-08-25T12:04:16","modified_gmt":"2024-08-25T10:04:16","slug":"poudre-libre-the-queen-beauty-light-banana-4","status":"publish","type":"product","link":"https:\/\/thequeenshairperruque.fr\/index.php\/produit\/poudre-libre-the-queen-beauty-light-banana-4\/","title":{"rendered":"Poudre libre &#8211; The queen beauty &#8211; light Banana &#8211; 4"},"content":{"rendered":"<p>Optez pour la poudre libre de la marque The Queen beauty qui a le pouvoir de fixer et prot\u00e9ger votre maquillage tout au long de la journ\u00e9e, con\u00e7ue pour fixer le fond de teint et absorber l&rsquo;exc\u00e8s de s\u00e9bum. Le teint est lisse et matifi\u00e9, l&rsquo;effet est longue dur\u00e9e. Formule adapt\u00e9e pour toutes les carnations et tous les types de peaux.\u00a0<span style=\"font-size: 16px; font-style: normal; font-weight: 400;\">Sa texture est ultra-fine et l\u00e9g\u00e8re, l<\/span><span style=\"font-size: 16px;\">e r\u00e9sultat est naturel et velout\u00e9.<\/span><\/p>\n<p>.<\/p>\n<hr \/>\n<header class=\"Popup-Header\">\n<h3 class=\"Popup-Heading\">Conseils d&rsquo;utilisation<\/h3>\n<p>&nbsp;<\/p>\n<\/header>\n<div class=\"Popup-Main\">\n<div class=\"ProductUsage-Tips\">\n<p>Appliquer la poudre libre apr\u00e8s le fond de teint \u00e0 l\u2019aide d\u2019un pinceau ou d\u2019une houppette.<\/p>\n<\/div>\n<\/div>\n<hr \/>\n<p><strong>Frais de livraison 4.95\u20ac gratuit d\u00e8s 35\u20ac d&rsquo;achat<\/strong><\/p>\n<p>&nbsp;<\/p>\n<p>&nbsp;<\/p>\n","protected":false},"excerpt":{"rendered":"<hr \/>\n<h5>Quantit\u00e9: 15 Gr<\/h5>\n<hr \/>\n<p>&#8211; longue Dur\u00e9e<br \/>\n&#8211; Fini\u00a0 mat<br \/>\n&#8211; Imperm\u00e9able<br \/>\n&#8211; Antitranspirant<\/p>\n<hr \/>\n<h4>Autres Teintes (7)<\/h4>\n<p>&nbsp;<\/p>\n<h4><img decoding=\"async\" class=\"alignnone wp-image-1963\" src=\"https:\/\/thequeenshairperruque.fr\/wp-content\/uploads\/2024\/08\/ligth-banana.jpeg\" alt=\"\" width=\"35\" height=\"35\" \/>\u00a0 \u00a0 \u00a0 \u00a0 \u00a0Light Banana<\/h4>\n<h4><a href=\"https:\/\/thequeenshairperruque.fr\/index.php\/produit\/poudre-libre-the-queen-beauty-medium-cacao-8\/\"><img decoding=\"async\" class=\"alignnone wp-image-1977\" src=\"https:\/\/thequeenshairperruque.fr\/wp-content\/uploads\/2024\/08\/medium-cacao.jpeg\" alt=\"\" width=\"35\" height=\"35\" \/><\/a>\u00a0 \u00a0 \u00a0 \u00a0 \u00a0<a href=\"https:\/\/thequeenshairperruque.fr\/index.php\/produit\/poudre-libre-the-queen-beauty-medium-cacao-8\/\">Medium Cacao<\/a><\/h4>\n<h4><a href=\"https:\/\/thequeenshairperruque.fr\/index.php\/produit\/poudre-libre-the-queen-beauty-medium-banana-5\/\"><img decoding=\"async\" class=\"alignnone wp-image-1968\" src=\"https:\/\/thequeenshairperruque.fr\/wp-content\/uploads\/2024\/08\/medium-banana.jpeg\" alt=\"\" width=\"35\" height=\"35\" \/><\/a>\u00a0 \u00a0 \u00a0 \u00a0 \u00a0<a href=\"https:\/\/thequeenshairperruque.fr\/index.php\/produit\/poudre-libre-the-queen-beauty-medium-banana-5\/\">Medium Banana<\/a><\/h4>\n<h4><a href=\"https:\/\/thequeenshairperruque.fr\/index.php\/produit\/poudre-libre-the-queen-beauty-light-peach-3\/\"><img loading=\"lazy\" decoding=\"async\" class=\"alignnone wp-image-1967\" src=\"https:\/\/thequeenshairperruque.fr\/wp-content\/uploads\/2024\/08\/ligth-peach.jpeg\" alt=\"\" width=\"35\" height=\"35\" \/><\/a>\u00a0 \u00a0 \u00a0 \u00a0 \u00a0<a href=\"https:\/\/thequeenshairperruque.fr\/index.php\/produit\/poudre-libre-the-queen-beauty-light-peach-3\/\">Light Peach<\/a><\/h4>\n<h4><a href=\"https:\/\/thequeenshairperruque.fr\/index.php\/produit\/poudre-libre-the-queen-beauty-light-cacao-6\/\"><img loading=\"lazy\" decoding=\"async\" class=\"alignnone wp-image-1978\" src=\"https:\/\/thequeenshairperruque.fr\/wp-content\/uploads\/2024\/08\/light-cacao-1.jpeg\" alt=\"\" width=\"35\" height=\"35\" \/><\/a>\u00a0 \u00a0 \u00a0 \u00a0 \u00a0<a href=\"https:\/\/thequeenshairperruque.fr\/index.php\/produit\/poudre-libre-the-queen-beauty-light-cacao-6\/\">Light Cacao<\/a><\/h4>\n<h4><a href=\"https:\/\/thequeenshairperruque.fr\/index.php\/produit\/poudre-libre-the-queen-beauty-coffee-9\/\"><img loading=\"lazy\" decoding=\"async\" class=\"alignnone wp-image-1965\" src=\"https:\/\/thequeenshairperruque.fr\/wp-content\/uploads\/2024\/08\/coffee.jpeg\" alt=\"\" width=\"35\" height=\"35\" \/><\/a>\u00a0 \u00a0 \u00a0 \u00a0 \u00a0<a href=\"https:\/\/thequeenshairperruque.fr\/index.php\/produit\/poudre-libre-the-queen-beauty-coffee-9\/\">Coffee<\/a><\/h4>\n<h4><a href=\"https:\/\/thequeenshairperruque.fr\/index.php\/produit\/poudre-libre-the-queen-beauty-cacao-7\/\"><img loading=\"lazy\" decoding=\"async\" class=\"alignnone wp-image-1964\" src=\"https:\/\/thequeenshairperruque.fr\/wp-content\/uploads\/2024\/08\/cacao-1.jpeg\" alt=\"\" width=\"35\" height=\"35\" \/><\/a>\u00a0 \u00a0 \u00a0 \u00a0 \u00a0<a href=\"https:\/\/thequeenshairperruque.fr\/index.php\/produit\/poudre-libre-the-queen-beauty-cacao-7\/\">Cacao<\/a><\/h4>\n<h4><\/h4>\n<h4><\/h4>\n<h4><\/h4>\n<hr \/>\n<p>&nbsp;<\/p>\n<p>&nbsp;<\/p>\n","protected":false},"featured_media":1983,"comment_status":"open","ping_status":"closed","template":"","meta":{"_seopress_robots_primary_cat":"none","_seopress_titles_title":"Poudre libre - The queen beauty - light Banana - 4","_seopress_titles_desc":"Poudre libre - The queen beauty - light Banana - 4 - D\u00e9couvrez notre vaste gamme de produits. Trouvez votre style en un clic sur notre site!","_seopress_robots_index":"","site-sidebar-layout":"default","site-content-layout":"","ast-site-content-layout":"default","site-content-style":"default","site-sidebar-style":"default","ast-global-header-display":"","ast-banner-title-visibility":"","ast-main-header-display":"","ast-hfb-above-header-display":"","ast-hfb-below-header-display":"","ast-hfb-mobile-header-display":"","site-post-title":"","ast-breadcrumbs-content":"","ast-featured-img":"","footer-sml-layout":"","theme-transparent-header-meta":"default","adv-header-id-meta":"","stick-header-meta":"","header-above-stick-meta":"","header-main-stick-meta":"","header-below-stick-meta":"","astra-migrate-meta-layouts":"set","ast-page-background-enabled":"default","ast-page-background-meta":{"desktop":{"background-color":"var(--ast-global-color-4)","background-image":"","background-repeat":"repeat","background-position":"center center","background-size":"auto","background-attachment":"scroll","background-type":"","background-media":"","overlay-type":"","overlay-color":"","overlay-opacity":"","overlay-gradient":""},"tablet":{"background-color":"","background-image":"","background-repeat":"repeat","background-position":"center center","background-size":"auto","background-attachment":"scroll","background-type":"","background-media":"","overlay-type":"","overlay-color":"","overlay-opacity":"","overlay-gradient":""},"mobile":{"background-color":"","background-image":"","background-repeat":"repeat","background-position":"center center","background-size":"auto","background-attachment":"scroll","background-type":"","background-media":"","overlay-type":"","overlay-color":"","overlay-opacity":"","overlay-gradient":""}},"ast-content-background-meta":{"desktop":{"background-color":"var(--ast-global-color-5)","background-image":"","background-repeat":"repeat","background-position":"center center","background-size":"auto","background-attachment":"scroll","background-type":"","background-media":"","overlay-type":"","overlay-color":"","overlay-opacity":"","overlay-gradient":""},"tablet":{"background-color":"var(--ast-global-color-5)","background-image":"","background-repeat":"repeat","background-position":"center center","background-size":"auto","background-attachment":"scroll","background-type":"","background-media":"","overlay-type":"","overlay-color":"","overlay-opacity":"","overlay-gradient":""},"mobile":{"background-color":"var(--ast-global-color-5)","background-image":"","background-repeat":"repeat","background-position":"center center","background-size":"auto","background-attachment":"scroll","background-type":"","background-media":"","overlay-type":"","overlay-color":"","overlay-opacity":"","overlay-gradient":""}}},"product_brand":[],"product_cat":[62],"product_tag":[],"class_list":{"0":"post-1961","1":"product","2":"type-product","3":"status-publish","4":"has-post-thumbnail","6":"product_cat-maquillage-parfums","7":"desktop-align-left","8":"tablet-align-left","9":"mobile-align-left","11":"first","12":"instock","13":"shipping-taxable","14":"purchasable","15":"product-type-simple"},"jetpack_sharing_enabled":true,"_links":{"self":[{"href":"https:\/\/thequeenshairperruque.fr\/index.php\/wp-json\/wp\/v2\/product\/1961","targetHints":{"allow":["GET"]}}],"collection":[{"href":"https:\/\/thequeenshairperruque.fr\/index.php\/wp-json\/wp\/v2\/product"}],"about":[{"href":"https:\/\/thequeenshairperruque.fr\/index.php\/wp-json\/wp\/v2\/types\/product"}],"replies":[{"embeddable":true,"href":"https:\/\/thequeenshairperruque.fr\/index.php\/wp-json\/wp\/v2\/comments?post=1961"}],"wp:featuredmedia":[{"embeddable":true,"href":"https:\/\/thequeenshairperruque.fr\/index.php\/wp-json\/wp\/v2\/media\/1983"}],"wp:attachment":[{"href":"https:\/\/thequeenshairperruque.fr\/index.php\/wp-json\/wp\/v2\/media?parent=1961"}],"wp:term":[{"taxonomy":"product_brand","embeddable":true,"href":"https:\/\/thequeenshairperruque.fr\/index.php\/wp-json\/wp\/v2\/product_brand?post=1961"},{"taxonomy":"product_cat","embeddable":true,"href":"https:\/\/thequeenshairperruque.fr\/index.php\/wp-json\/wp\/v2\/product_cat?post=1961"},{"taxonomy":"product_tag","embeddable":true,"href":"https:\/\/thequeenshairperruque.fr\/index.php\/wp-json\/wp\/v2\/product_tag?post=1961"}],"curies":[{"name":"wp","href":"https:\/\/api.w.org\/{rel}","templated":true}]}}